eds digit of 413128165?
1
What is the thousands digit of 3110125447?
5
What is the ten millions digit of 1460943175?
6
What is the tens digit of 341612771?
7
What is the hundred thousands digit of 5957739304?
7
What is the hundreds digit of 5628049?
0
What is the hundred millions digit of 200066374?
2
What is the millions digit of 180714776?
0
What is the ten thousands digit of 3824086?
2
What is the hundred millions digit of 502087330?
5
What is the thousands digit of 315261276?
1
What is the hundred thousands digit of 164154711?
1
What is the millions digit of 56913641?
6
What is the ten millions digit of 378215260?
7
What is the ten thousands digit of 80540018?
4
What is the ten thousands digit of 85239214?
3
What is the hundred thousands digit of 25695863?
6
What is the millions digit of 72538315?
2
What is the hundred thousands digit of 55781292?
7
What is the ten thousands digit of 13112131?
1
What is the ten thousands digit of 588899705?
9
What is the tens digit of 324835126?
2
What is the thousands digit of 444634847?
4
What is the billions digit of 7756706937?
7
What is the ten millions digit of 298545172?
9
What is the thousands digit of 854913979?
3
What is the ten millions digit of 18214314?
1
What is the thousands digit of 135024373?
4
What is the tens digit of 204187597?
9
What is the units digit of 291414426?
6
What is the thousands digit of 34865634?
5
What is the hundred thousands digit of 8652037820?
0
What is the hundred millions digit of 2902875455?
9
What is the ten millions digit of 27549072?
2
What is the hundred millions digit of 646397282?
6
What is the tens digit of 155452206?
0
What is the billions digit of 2564681678?
2
What is the units digit of 201777620?
0
What is the millions digit of 23078791?
3
What is the billions digit of 4322095025?
4
What is the hundreds digit of 18100109?
1
What is the hundreds digit of 76210383?
3
What is the hundred millions digit of 204813927?
2
What is the billions digit of 3710359971?
3
What is the units digit of 43947738?
8
What is the hundred thousands digit of 210132104?
1
What is the hundred millions digit of 392910413?
3
What is the thousands digit of 239866512?
6
What is the hundreds digit of 3922470351?
3
What is the billions digit of 1138373717?
1
What is the ten millions digit of 94364287?
9
What is the hundred thousands digit of 40228450?
2
What is the hundred thousands digit of 1178932369?
9
What is the hundred thousands digit of 10763652?
7
What is the hundred thousands digit of 145701074?
7
What is the hundred millions digit of 381866144?
3
What is the hundreds digit of 1031217271?
2
What is the tens digit of 1950980562?
6
What is the tens digit of 1782356725?
2
What is the hundred millions digit of 2774195041?
7
What is the thousands digit of 18584486?
4
What is the tens digit of 2110274012?
1
What is the units digit of 48042236?
6
What is the hundreds digit of 1999862617?
6
What is the ten thousands digit of 657523840?
2
What is the hundred millions digit of 569750397?
5
What is the thousands digit of 57494068?
4
What is the ten millions digit of 3023018107?
2
What is the thousands digit of 1181629?
1
What is the millions digit of 214790036?
4
What is the ten thousands digit of 59004936?
0
What is the ten thousands digit of 17286190?
8
What is the ten thousands digit of 192777307?
7
What is the hundreds digit of 33764501?
5
What is the ten millions digit of 447869105?
4
What is the ten thousands digit of 307237795?
3
What is the ten millions digit of 64740221?
6
What is the tens digit of 1321897062?
6
What is the ten thousands digit of 533917887?
1
What is the hundred millions digit of 148478196?
1
What is the ten thousands digit of 51602905?
0
What is the ten millions digit of 45316495?
4
What is the millions digit of 354341058?
4
What is the tens digit of 386681100?
0
What is the thousands digit of 3368993039?
3
What is the ten millions digit of 1246042199?
4
What is the tens digit of 88111916?
1
What is the thousands digit of 250525373?
5
What is the hundred millions digit of 657836227?
6
What is the ten thousands digit of 872753921?
5
What is the thousands digit of 47770312?
0
What is the ten thousands digit of 363420260?
2
What is the hundreds digit of 271183121?
1
What is the units digit of 7727646692?
2
What is the units digit of 27591194?
4
What is the millions digit of 575176995?
5
What is the ten millions digit of 339303671?
3
What is the hundred thousands digit of 4051840284?
8
What is the hundred millions digit of 2430171314?
4
What is the hundreds digit of 51075208?
2
What is the ten millions digit of 2693211573?
9
What is the ten thousands digit of 3230169859?
6
What is the thousands digit of 182696219?
6
What is the ten millions digit of 166136052?
6
What is the hundreds digit of 322968894?
8
What is the thousands digit of 57050452?
0
What is the tens digit of 12760446?
4
What is the hundreds digit of 116885440?
4
What is the ten millions digit of 103227842?
0
What is the thousands digit of 618972222?
2
What is the ten millions digit of 495336143?
9
What is the hundreds digit of 65418863?
8
What is the hundreds digit of 48411183?
1
What is the thousands digit of 162117057?
7
What is the millions digit of 387496939?
7
What is the hundred thousands digit of 2601130?
6
What is the units digit of 162658140?
0
What is the thousands digit of 364883513?
3
What is the hundreds digit of 410668385?
3
What is the billions digit of 1475096424?
1
What is the hundreds digit of 105453613?
6
What is the ten thousands digit of 58908064?
0
What is the ten millions digit of 178984301?
7
What is the units digit of 284914299?
9
What is the millions digit of 20357637?
0
What is the millions digit of 92814413?
2
What is the hundred millions digit of 2276587062?
2
What is the millions digit of 653145027?
3
What is the ten thousands digit of 48961544?
6
What is the ten millions digit of 15856011?
1
What is the hundreds digit of 175649564?
5
What is the millions digit of 68814811?
8
What is the millions digit of 66085146?
6
What is the ten thousands digit of 18092463?
9
What is the hundreds digit of 2780973741?
7
What is the units digit of 857728?
8
What is the tens digit of 52322220?
2
What is the ten thousands digit of 172087114?
8
What is the ten thousands digit of 34572031?
7
What is the hundreds digit of 4833531265?
2
What is the thousands digit of 361207128?
7
What is the tens digit of 38179850?
5
What is the units digit of 421389904?
4
What is the hundred thousands digit of 40566630?
5
What is the thousands digit of 93203646?
3
What is the millions digit of 134135329?
4
What is the tens digit of 799227634?
3
What is the hundred millions digit of 1846730718?
8
What is the hundreds digit of 84176848?
8
What is the thousands digit of 566689223?
9
What is the ten millions digit of 1516301818?
1
What is the hundred millions digit of 1398823423?
3
What is the thousands digit of 4361205?
1
What is the hundred thousands digit of 1512185527?
1
What is the hundreds digit of 1254256495?
4
What is the ten thousands digit of 243550553?
5
What is the hundreds digit of 421611485?
4
What is the ten millions digit of 528329431?
2
What is the hundreds digit of 201927974?
9
What is the units digit of 433361511?
1
What is the hundred thousands digit of 1667965736?
9
What is the tens digit of 161813476?
7
What is the units digit of 988001060?
0
What is the ten millions digit of 3977888213?
7
What is the tens digit of 8054978?
7
What is the thousands digit of 1868842723?
2
What is the ten thousands digit of 160533160?
3
What is the ten millions digit of 426680589?
2
What is the ten thousands digit of 71135121?
3
What is the hundred millions digit of 213506427?
2
What is the millions digit of 4421674376?
1
What is the hundred millions digit of 280379150?
2
What is the units digit of 15395045?
5
What is the billions digit of 1282398877?
1
What is the ten thousands digit of 110051503?
5
What is the hundreds digit of 3286336629?
6
What is the units digit of 611948257?
7
What is the units digit of 78540469?
9
What is the ten thousands digit of 39640354?
4
What is the hundred millions digit of 1170344406?
1
What is the hundred thousands digit of 138108953?
1
What is the thousands digit of 100907